 - i. What is the tens digit of h?
4
Suppose 7*u = 16*u - 7065. What is the tens digit of u?
8
Let n(z) = 5 - 11 - 6 + 2*z - z**3 + 4*z + 7*z**2. What is the units digit of n(6)?
0
Let g = -182 - -182. Let s = 23 + -14. Suppose s*y - 13*y + 12 = g. What is the units digit of y?
3
Let v = -304 - -441. What is the hundreds digit of v?
1
Let r be (-5)/(70/4)*-7. What is the tens digit of 865/5 - -1 - r?
7
Suppose -z - 188 = -2*b, 4*z - 84 = -3*b + 220. What is the tens digit of b?
9
Suppose -4*a = 4*s + a - 4323, 0 = 5*s + a - 5388. What is the hundreds digit of s?
0
Suppose c = -2*l + 1283, -3516 = -4*l + 4*c - 920. Let t = l + -440. What is the hundreds digit of t?
2
Let h be (1/2)/(5/40). Let d(t) = -8 + h - 2*t - t. What is the tens digit of d(-12)?
3
Let o(h) = 123*h**2 - 22*h - 58. What is the thousands digit of o(-3)?
1
Let p(h) = 45*h**2 + 45*h - 11. What is the thousands digit of p(8)?
3
Suppose -w = 5*k + 1, 4*w + 2*k - 12 = -2*k. Let g(f) = -2*f**2 + 3*f + 5. Let z be g(w). What is the units digit of (-4 - 0)*z/4?
5
Let h be ((-7)/(-21))/(1/(-9)). Let q be ((-110)/35)/(h/21). Let v = -6 + q. What is the units digit of v?
6
Suppose 0*u = -2*u + q - 1, -3*u - 2*q - 12 = 0. Let x be -2 - (3 + u)*-45. Let r = x + -31. What is the units digit of r?
2
Let z(d) = -19*d**3 + 18*d - 6. What is the tens digit of z(-6)?
9
Let v(n) = -4*n - 42. Let d be v(-12). Let c = 4 + -1. Suppose b = 3*r + 10, -c*b = -d*r + 2*r - 40. What is the units digit of b?
6
Let v be ((-1)/(-1) - -1) + -1. Let h(s) = 8*s. What is the units digit of h(v)?
8
Suppose 0 = -3*j + 6*j - 9. Suppose p + 4*g = 39, 2*g = -2 + 4. Suppose -t + 0*t + j*d + 14 = 0, 2*t = -d + p. What is the units digit of t?
7
Suppose a + d = 29, 5*d - 3 = -2*a + 70. Suppose -10*u - a = -14*u. What is the units digit of u?
6
Let q(m) = -10 - 13*m + 3*m**2 - 4*m**2 + 0. Let l be (-2)/(0 - 1) + -14. What is the units digit of q(l)?
2
Let p be 41*2/(0 + -2). Let w = p - -127. What is the units digit of w?
6
What is the hundreds digit of (-216472)/(-72) + -1 + (-13)/(-9)?
0
Let h(j) = -j**2 - 9*j - 10. Let x be h(-7). Suppose -x*a - 7 + 3 = 0. What is the units digit of a/2*(-5 - 3)?
4
Let p(j) = j**3 + 11*j**2 + 12*j - 17. Let c = 74 - 81. What is the units digit of p(c)?
5
Suppose -c + 0*c = 3*j - 293, 3*c = -4*j + 864. What is the tens digit of c?
8
Suppose 0 = -3*q - 4*z + 5437, q = 13*z - 8*z + 1806. What is the tens digit of q?
1
Suppose 86*f = 78*f + 9800. What is the hundreds digit of f?
2
Suppose -4*s - 4*g + 10220 = 0, -1021 = 2*s - 2*g - 6143. What is the hundreds digit of s?
5
Suppose -7 - 3 = 2*r. Let g(q) = -4*q**2 - 50*q + 5*q**2 + 54*q. What is the units digit of g(r)?
5
Let t(w) = -w**3 + 8*w - 5. Let q be t(3). What is the tens digit of (-80)/q - 1*-5?
1
Let u = 10872 + -6876. What is the units digit of u?
6
Suppose 276 = 4*l - 1888. What is the tens digit of l?
4
Suppose 5*p - 3753 = 34*j - 35*j, 15 = 5*p. What is the units digit of j?
8
Suppose o + 0*o - v = -28, 79 = -3*o - 2*v. Let a(g) = -20*g + 27. Let s be a(2). Let t = s - o. What is the tens digit of t?
1
Suppose -3*c - 25 = 5*h - c, h + 3*c + 18 = 0. What is the units digit of 0 - (h + 0/(-2))?
3
Let d = -36 + 45. Suppose -3*k - 1536 = -d*k. What is the units digit of k?
6
What is the tens digit of (-18)/12 - ((-3074)/4 + 1)?
6
Let b(i) = -14*i + 2. Let l(r) = -5*r + 1. Let w(h) = -4*b(h) + 11*l(h). Let n be w(-3). Suppose n*f - 63 = -3*f. What is the units digit of f?
1
Let k(i) = 3*i - 1. Let m be k(2). Suppose 4*c + 1 = m. What is the units digit of ((-6)/24)/(c/(-164))?
1
Suppose 7*y - 4*l = 12*y - 3784, 20 = -5*l. What is the units digit of y?
0
Suppose -5*a - 207 = -5*j + 3*j, -5*a = 5*j + 235. Suppose 5*v - 138 = 11*v. Let f = v - a. What is the tens digit of f?
2
Suppose 11*c = -135 + 872. Suppose -8*k - c = -9*k. What is the tens digit of k?
6
Let d be 0 + 0 - (-2)/(-1). What is the units digit of 13/(d - (4 + -7))?
3
Let p(q) = -q**3 + 11*q**2 + 5*q - 15. Let b = 31 + -20. What is the tens digit of p(b)?
4
Suppose 0 = -3*m + m + 1032. What is the tens digit of m?
1
Suppose 4*l - 198 - 90 = 0. Suppose -2*y - l = -4*y. What is the units digit of y?
6
Suppose 0 = -3*c + 4*c + 28. Let n = c + 34. What is the units digit of -2 + 65 + -4 + n?
5
Suppose -4*a + 4*s + 900 = 0, 3*a + 5*s - 705 = 2*s. What is the units digit of a?
0
Let f(x) = -x**2 - 13*x + 4. Let r be f(-13). Suppose v - 5*z - 47 = 26, 3*v - r*z = 164. Suppose 2*d - v = d. What is the units digit of d?
8
Let b(u) = 2*u - 27. Suppose 0*s + 2*s = 28. What is the units digit of b(s)?
1
Suppose -14 = m - 17. Let f(u) = 28*u - 5. What is the tens digit of f(m)?
7
Let k(x) be the first derivative of -x**4/4 + x**3/3 + 2*x**2 + 5. Let d be k(3). Let a = 16 - d. What is the units digit of a?
2
Suppose -2*z - 7*g = -3*g - 24, 5*z - g = 5. Suppose -5*w + 13 = -z. Suppose 3*s = 4*a - w*a + 102, 4*s - 4*a - 144 = 0. What is the units digit of s?
3
Suppose 404 = 2*c - 80. What is the hundreds digit of c?
2
Suppose -2*s = 3*n - 23, -2*s - n + 25 = 3*s. Suppose -s*y = -h - 1095 + 293, 0 = 5*y + 3*h - 994. What is the units digit of y?
0
Let g(u) = 56*u**2 - 11*u + 177. What is the tens digit of g(8)?
7
Let u = -17 - -20. Suppose -3*n = u*n - 1800. What is the units digit of n?
0
Let s = 507 + -250. What is the tens digit of s?
5
Let o = -859 - -1449. What is the units digit of o?
0
What is the units digit of ((-188)/(-8)*4)/((-2)/(-6))?
2
Let s(p) = p**3 + 4*p**2 - 7*p - 7. Let l be s(-5). Suppose -3*a + 5*c = -5*a + 203, 3*a = -l*c + 300. What is the tens digit of a?
9
Let z = -819 + 1408. What is the hundreds digit of z?
5
Let f be (-10)/(-45) - 28790/(-45). Suppose v - f = -4*v. What is the units digit of v?
8
Suppose -4*q + 6 = -2*i - 3*q, 4*i = 4*q - 20. Let z be (-12)/(-5)*(-5)/(-1). What is the units digit of z - 3/i - -2?
7
Let w(k) = 3*k - 1. Let a be w(2). Let l be (a/2)/(2/36). Suppose -5*g = -6*g + l. What is the units digit of g?
5
Let l(j) = j**2 + 6*j - 7. Let k be l(-8). Suppose 9*g - 126 - k = 0. What is the tens digit of g?
1
Suppose f + 5*f - 3156 = 0. What is the tens digit of f?
2
Suppose 0 = -3*r + 3522 + 8793. What is the hundreds digit of r?
1
Let v = -52 + 12. Let y = 44 + v. What is the units digit of y?
4
Let y(u) = u**3 - u**2 - 3*u + 5. What is the hundreds digit of y(6)?
1
Suppose -5*f + 11 = 5*j - j, 3*f = j + 10. Suppose f*m - 5 = -2*m - d, d = 0. What is the units digit of m?
1
Suppose -b - 4*f - 4 = 0, -5 = f - 3. Suppose -b*z = -z - 105. What is the tens digit of z?
3
Let i(c) = -44*c**3 + 2*c**2 + 5*c - 1. What is the units digit of i(-3)?
0
Let q(i) = -i**3 - 5*i**2 + 20*i + 37. What is the thousands digit of q(-13)?
1
Let l = -1421 - -2762. What is the units digit of l?
1
Let v(d) = -8*d + 36. Suppose -i - 2*u = 4, 0*i + 4*i + 36 = -3*u. What is the hundreds digit of v(i)?
1
Suppose -1699 = -4*i + 553. Suppose 3*v - 2*u - 396 = u, 4*v + 3*u = i. Let a = v + -64. What is the units digit of a?
3
Suppose -20 + 36 = 4*k. What is the tens digit of (-10)/k*15*-2?
7
Suppose -3 = -a + 3. What is the units digit of (6 - -1)*(3 + a)?
3
Suppose -i = -3*k - 1, -2*i + i = -5*k + 3. Let s(q) = q**2 - 4*q**2 + 4*q**2 + 5 - 2*q. What is the tens digit of s(i)?
4
Suppose 14 = q - 5*p + 7*p, 4*p = 4*q - 80. Suppose -4*t + q = 2*b, -2*t = 2*b + b - 11. Suppose 76 = -0*v + t*v. What is the units digit of v?
9
Let b = -7 - -10. Suppose -b*p + 14 + 16 = 0. What is the units digit of p?
0
Let f(a) = 158*a**2 - 3*a + 2. Let k = 35 + -34. Let n be f(k). Let s = 224 - n. What is the units digit of s?
7
Suppose 15*t = 20*t + 3*v - 9601, -2*v = -3*t + 5772. What is the tens digit of t?
2
Suppose 3*w - 126 = -45. Suppose r - 39 = 3*s, s = 2*r - 56 - w. Suppose 2*l + r = 4*l + 3*k, k - 4 = 0. What is the tens digit of l?
1
Suppose 7*t = 3*t - 8. What is the units digit of (0/3)/t - -23?
3
Let f = -608 + 716. What is the tens digit of f?
0
Let p be 4 + 5 + 0 + 1. Let u = p + -5. Suppose 0 = u*d - 21 - 49. What is the tens digit of d?
1
Let t be (0 - -2) + 8/1. Let b = -83 + 86. Suppose -b*z - t = -8*z, -4*z - 202 = -5*q. What is the units digit of q?
2
Suppose -s - 5 = 0, -2*y - 14 = -s + 3*s. Let r be y + 14*1/2. Suppose -2*b - g = -14, -r*b + g + 23 = -12. Wh